{"id":36,"date":"2015-01-07T15:14:53","date_gmt":"2015-01-07T20:14:53","guid":{"rendered":"https:\/\/courses.bowdoin.edu\/german-2204-spring-2015\/?page_id=36"},"modified":"2015-01-13T14:58:24","modified_gmt":"2015-01-13T19:58:24","slug":"kursinformationen","status":"publish","type":"page","link":"https:\/\/courses.bowdoin.edu\/german-2204-spring-2015\/","title":{"rendered":"Kursinformationen"},"content":{"rendered":"<p><strong>Willkommen in Deutsch 2204!\u00a0<\/strong><\/p>\n<p>Dieses Semester werden Sie\u00a0viel \u00fcber die deutsche Geschichte und Kultur lernen&#8230;und Ihre Sprachkenntnisse dabei verbessern! Wir werden viele verschiedene Texte lesen, Kunstwerke, Videos, und Filme\u00a0anschauen, und Musik h\u00f6ren. Sie bekommen einen guten \u00dcberblick in wichtige Themen, die heute noch relevant sind.<\/p>\n<p><strong>Einige Highlights:<\/strong> die Geschichte der Comedian Harmonists, <a href=\"http:\/\/www.dw.de\/die-erste-boygroup-der-welt\/a-16480740\">die erste &#8220;Boygruppe&#8221; der Welt<\/a>;\u00a0die Kultur der <a href=\"https:\/\/www.dhm.de\/lemo\/kapitel\/weimarer-republik\/kunst-und-kultur.html\">&#8220;goldenen 20er&#8221; <\/a>der Weimarer Republik; <a href=\"http:\/\/www.bpb.de\/geschichte\/deutsche-geschichte\/68er-bewegung\/51790\/jahre-der-rebellion\">deutsche Hippies der 1968er Jahre<\/a> und <a href=\"http:\/\/www.deutschegeschichten.de\/zeitraum\/themaplus.asp?KategorieID=1005&amp;InhaltID=1646&amp;Seite=2\">Links-Terrorismus<\/a>;\u00a0<a href=\"https:\/\/www.youtube.com\/watch?v=UwE8dlRnsio\">Punk-Musik<\/a>\u00a0in\u00a0Berlin der 80er Jahre; Vergangenheitsbew\u00e4ltigung, Streit \u00fcber <a href=\"http:\/\/www.stiftung-denkmal.de\/denkmaeler\/denkmal-fuer-die-ermordeten-juden-europas.html\">Denkm\u00e4ler<\/a> und Mahnm\u00e4ler; ber\u00fchmte deutsche K\u00fcnstler wie <a href=\"https:\/\/www.google.com\/search?q=anselm+kiefer&amp;safe=off&amp;espv=2&amp;biw=1280&amp;bih=899&amp;source=lnms&amp;tbm=isch&amp;sa=X&amp;ei=sXS1VNTbFYL8sASn64LYAQ&amp;ved=0CAYQ_AUoAQ\">Anselm Kiefer<\/a> und <a href=\"https:\/\/www.google.com\/search?q=anselm+kiefer&amp;safe=off&amp;espv=2&amp;biw=1280&amp;bih=899&amp;source=lnms&amp;tbm=isch&amp;sa=X&amp;ei=sXS1VNTbFYL8sASn64LYAQ&amp;ved=0CAYQ_AUoAQ#safe=off&amp;tbm=isch&amp;q=gerhard+richter\">Gerhard Richter<\/a>; und <a href=\"http:\/\/www.bpb.de\/geschichte\/deutsche-einheit\/deutsche-teilung-deutsche-einheit\/\">die Trennung Deutschlands<\/a> in Ost und West.<\/p>\n<p>Klicken Sie oben auf &#8220;Hausaufgaben&#8221; f\u00fcr detaillierte Pl\u00e4ne f\u00fcr jede Einheit.<\/p>\n","protected":false},"excerpt":{"rendered":"<p>Willkommen in Deutsch 2204!\u00a0 Dieses Semester werden Sie\u00a0viel \u00fcber die deutsche Geschichte und Kultur lernen&#8230;und Ihre Sprachkenntnisse dabei verbessern! Wir werden viele verschiedene Texte lesen, Kunstwerke, Videos, und Filme\u00a0anschauen, und Musik h\u00f6ren. Sie bekommen einen guten \u00dcberblick in wichtige Themen, die heute noch relevant sind. Einige Highlights: die Geschichte der Comedian Harmonists, die erste &#8220;Boygruppe&#8221; [&hellip;]<\/p>\n","protected":false},"author":208,"featured_media":0,"parent":0,"menu_order":0,"comment_status":"closed","ping_status":"closed","template":"","meta":{"footnotes":""},"class_list":["post-36","page","type-page","status-publish","hentry"],"_links":{"self":[{"href":"https:\/\/courses.bowdoin.edu\/german-2204-spring-2015\/wp-json\/wp\/v2\/pages\/36","targetHints":{"allow":["GET"]}}],"collection":[{"href":"https:\/\/courses.bowdoin.edu\/german-2204-spring-2015\/wp-json\/wp\/v2\/pages"}],"about":[{"href":"https:\/\/courses.bowdoin.edu\/german-2204-spring-2015\/wp-json\/wp\/v2\/types\/page"}],"author":[{"embeddable":true,"href":"https:\/\/courses.bowdoin.edu\/german-2204-spring-2015\/wp-json\/wp\/v2\/users\/208"}],"replies":[{"embeddable":true,"href":"https:\/\/courses.bowdoin.edu\/german-2204-spring-2015\/wp-json\/wp\/v2\/comments?post=36"}],"version-history":[{"count":0,"href":"https:\/\/courses.bowdoin.edu\/german-2204-spring-2015\/wp-json\/wp\/v2\/pages\/36\/revisions"}],"wp:attachment":[{"href":"https:\/\/courses.bowdoin.edu\/german-2204-spring-2015\/wp-json\/wp\/v2\/media?parent=36"}],"curies":[{"name":"wp","href":"https:\/\/api.w.org\/{rel}","templated":true}]}}