{"id":85,"date":"2015-01-14T11:35:33","date_gmt":"2015-01-14T16:35:33","guid":{"rendered":"https:\/\/courses.bowdoin.edu\/german-2204-spring-2015\/?page_id=85"},"modified":"2015-03-25T15:15:42","modified_gmt":"2015-03-25T19:15:42","slug":"projekte","status":"publish","type":"page","link":"https:\/\/courses.bowdoin.edu\/german-2204-spring-2015\/projekte\/","title":{"rendered":"Projekte"},"content":{"rendered":"<p>Alle Projekte sollten schriftlich abgegeben werden, obwohl es sehr oft eine Pr\u00e4sentation\/Auff\u00fchrung dazu gibt. F\u00fcr alle schriftlichen Aufgaben: Schreiben Sie bitte mit\u00a0<strong>Schriftgr\u00f6\u00dfe 12, Times New Roman<\/strong>, mit <strong>Seitenzahlen<\/strong> [page numbers], mit <strong>doppeltem Zeilenabstand<\/strong> [double spacing], mit einem <strong>Titel<\/strong> f\u00fcr den Aufsatz\/Projekt, und bitte geben Sie die\u00a0<strong>W\u00f6rter-Anzahl<\/strong>\u00a0an.<\/p>\n<h2>Projekt 1 \u00a0&#8211;\u00a0<strong><em>Comedian Harmonists<\/em><\/strong><\/h2>\n<p><strong><em>am 04. Feburar f\u00e4llig<\/em><\/strong><\/p>\n<p>W\u00e4hlen Sie ein Thema und schreiben Sie in der ich-Form. <strong>Schreiben Sie ungef\u00e4hr 300 W\u00f6rter.<\/strong> Benutzen Sie den <strong>Wortschatz<\/strong> des Kapitels (S. 154-155). Schreiben Sie auch \u00fcber ein historisches Ereignis der Zeit. <strong>Achten Sie auf die Verben<\/strong>, dass sie richtig geschrieben werden! (Benutzen Sie die &#8220;<a href=\"https:\/\/courses.bowdoin.edu\/german-2204-spring-2015\/essay-checklist\/\" target=\"_blank\">Checklist f\u00fcr Aufs\u00e4tze<\/a>&#8221; oben!)<\/p>\n<ol>\n<li>Sie sind einer der Comedian Harmonists. Erz\u00e4hlen Sie aus Ihrer Sicht von Ihrer Gruppe, Ihren Erfolgen, Konflikten, Ihren Schwierigkeiten mit dem Nazi-Regime und dem Ende der Gruppe. Sie k\u00f6nnen entweder autobiographisch in der Form der Erinnerung (Autobiographie) schreiben, oder in der Form des Tagebuchs.<\/li>\n<li>Sie sind Erna. Erz\u00e4hlen Sie aus Ihrem Leben in Berlin zu der Zeit, als die Comedian Harmonists entstanden sind, als sie Erfolg hatten und von ihrem Ende. Erz\u00e4hlen Sie auch von Ihrer Beziehung zu Harry und Bob.<\/li>\n<li>Mit einem Partner, schreiben Sie 4 Briefe zwischen 2 Mitgliedern der Harmonists. Eine Person f\u00e4ngt an, und die andere Person antwortet auf diesen Brief. Sie k\u00f6nnen die Zeit 1929, 1933\/4, oder 1945 w\u00e4hlen.<\/li>\n<\/ol>\n<h2>Projekt 2 &#8211; Vergangenheitsbew\u00e4ltigung<\/h2>\n<p><strong><em>am 23. Februar f\u00e4llig<\/em><\/strong><\/p>\n<p><a href=\"https:\/\/dl.dropboxusercontent.com\/u\/10985280\/2204\/Projekt%202.pdf\" target=\"_blank\">Handout<\/a><\/p>\n<h2>Projekt 3 &#8211; Kunstinterpretation<\/h2>\n<h3><em>am Freitag, 27. M\u00e4rz f\u00e4llig<\/em><\/h3>\n<p><a href=\"https:\/\/dl.dropboxusercontent.com\/u\/10985280\/2204\/Projekt3.pdf\" target=\"_blank\">Handout<\/a><\/p>\n<h2>Projekt 4\u00a0&#8211;\u00a0Rollenspiel<\/h2>\n<p><a href=\"https:\/\/dl.dropboxusercontent.com\/u\/10985280\/2204\/Projekt4.pdf\" target=\"_blank\">Handout<\/a><\/p>\n<p>&nbsp;<\/p>\n","protected":false},"excerpt":{"rendered":"<p>Alle Projekte sollten schriftlich abgegeben werden, obwohl es sehr oft eine Pr\u00e4sentation\/Auff\u00fchrung dazu gibt. F\u00fcr alle schriftlichen Aufgaben: Schreiben Sie bitte mit\u00a0Schriftgr\u00f6\u00dfe 12, Times New Roman, mit Seitenzahlen [page numbers], mit doppeltem Zeilenabstand [double spacing], mit einem Titel f\u00fcr den Aufsatz\/Projekt, und bitte geben Sie die\u00a0W\u00f6rter-Anzahl\u00a0an. Projekt 1 \u00a0&#8211;\u00a0Comedian Harmonists am 04. Feburar f\u00e4llig W\u00e4hlen [&hellip;]<\/p>\n","protected":false},"author":208,"featured_media":0,"parent":0,"menu_order":0,"comment_status":"closed","ping_status":"closed","template":"","meta":{"footnotes":""},"class_list":["post-85","page","type-page","status-publish","hentry"],"_links":{"self":[{"href":"https:\/\/courses.bowdoin.edu\/german-2204-spring-2015\/wp-json\/wp\/v2\/pages\/85","targetHints":{"allow":["GET"]}}],"collection":[{"href":"https:\/\/courses.bowdoin.edu\/german-2204-spring-2015\/wp-json\/wp\/v2\/pages"}],"about":[{"href":"https:\/\/courses.bowdoin.edu\/german-2204-spring-2015\/wp-json\/wp\/v2\/types\/page"}],"author":[{"embeddable":true,"href":"https:\/\/courses.bowdoin.edu\/german-2204-spring-2015\/wp-json\/wp\/v2\/users\/208"}],"replies":[{"embeddable":true,"href":"https:\/\/courses.bowdoin.edu\/german-2204-spring-2015\/wp-json\/wp\/v2\/comments?post=85"}],"version-history":[{"count":0,"href":"https:\/\/courses.bowdoin.edu\/german-2204-spring-2015\/wp-json\/wp\/v2\/pages\/85\/revisions"}],"wp:attachment":[{"href":"https:\/\/courses.bowdoin.edu\/german-2204-spring-2015\/wp-json\/wp\/v2\/media?parent=85"}],"curies":[{"name":"wp","href":"https:\/\/api.w.org\/{rel}","templated":true}]}}