{"id":9,"date":"2014-11-19T23:59:25","date_gmt":"2014-11-19T23:59:25","guid":{"rendered":"http:\/\/deutsch3390.wordpress.com\/?page_id=9"},"modified":"2015-01-16T09:10:33","modified_gmt":"2015-01-16T14:10:33","slug":"links","status":"publish","type":"page","link":"https:\/\/courses.bowdoin.edu\/german-3390-spring-2015\/links\/","title":{"rendered":"Links"},"content":{"rendered":"<p>Vorsicht! Immer, wenn Sie Internet-Forschung machen, achten Sie auf die Quelle! \u00a0Hier sind einige gute Seiten:<\/p>\n<p><a title=\"ARD Mediathek - Erster Weltkrieg\" href=\"http:\/\/www.ard.de\/home\/wissen\/ARD_de_Spezial_100_Jahre_Erster_Weltkrieg_1914___1918\/629098\/index.html\" target=\"_blank\">ARD Mediathek<\/a><br \/>\nThemen wie &#8220;Erinnerung und Aufarbeitung&#8221;, &#8220;Der Weltkrieg im \u00dcberblick&#8221;, &#8220;Europa inKampfstimmung&#8221;, &#8220;Folgen des Krieges&#8221;.<\/p>\n<p><a href=\"http:\/\/germanhistorydocs.ghi-dc.org\/Index.cfm?language=german\"><span style=\"line-height: 1.5\">Deutsche Geschichte in Dokumenten und Bildern (DGDB)<\/span><\/a><\/p>\n<p>ZEIT f\u00fcr die Schule<\/p>\n<p><a href=\"http:\/\/blog.zeit.de\/schueler\/2010\/09\/01\/thema-das-kaiserreich-1871-1918\/\">Das Deutsche Kaiserreich<\/a><br \/>\n<a href=\"http:\/\/blog.zeit.de\/schueler\/2010\/09\/06\/erste-weltkrieg-ursachen-verlauf\/\">Der Erste Weltkrieg<\/a><\/p>\n<p><span style=\"line-height: 1.5\">Deutsche Geschichten<\/span><\/p>\n<p><a href=\"http:\/\/www.deutschegeschichten.de\/zeitraum\/index.asp?KategorieID=1001\">1890-1918<\/a><a style=\"line-height: 1.5\" href=\"http:\/\/germanhistorydocs.ghi-dc.org\/Index.cfm?language=german\"><br \/>\n<\/a><a href=\"http:\/\/www.deutschegeschichten.de\/zeitraum\/themaindex.asp?KategorieID=1001&amp;InhaltID=1554\">Weltkrieg<\/a><\/p>\n<p><a href=\"https:\/\/www.dhm.de\/lemo\/\">LeMO &#8211; Lebendiges Museum Online<\/a><br \/>\n<a href=\"http:\/\/www.dhm.de\/lemo\/kapitel\/erster-weltkrieg\">Der Erste Weltkrieg<\/a>\u00a0&#8211; Mit Themen wie <a href=\"http:\/\/www.dhm.de\/lemo\/kapitel\/erster-weltkrieg\/propaganda.html\">Propaganda<\/a>, Alltagsleben, <a href=\"http:\/\/www.dhm.de\/lemo\/kapitel\/erster-weltkrieg\/kunst-und-kultur.html\">Kunst und Kultur<\/a><\/p>\n<p><a href=\"http:\/\/www.goethe.de\/ges\/prj\/nzv\/ret\/ilm\/deindex.htm\">Goethe Institut 1914-1918<\/a><br \/>\nFilme: <a href=\"http:\/\/www.goethe.de\/ges\/prj\/nzv\/ret\/ilm\/de13395430.htm\">Die Schlacht an der Somme<\/a>, \u00a0<a href=\"http:\/\/www.goethe.de\/ges\/prj\/nzv\/ret\/ilm\/de13322521.htm\">Westfront 1918<\/a>, und andere<\/p>\n<p>Geschichte kompakt<br \/>\n<a href=\"http:\/\/www.geschichte-abitur.de\/der-erste-weltkrieg\">Erster Weltkrieg<\/a><\/p>\n<p><a href=\"http:\/\/www.14-tagebuecher.de\/page\/de\/about\/\">Mentalit\u00e4tsgeschichte des Ersten Weltkriegs in 14 Fragen<br \/>\n<\/a>Fragen wie:\u00a0W\u00e4re der Krieg zu verhindern gewesen?<br \/>\nMit welchen Gef\u00fchlen ziehen die Menschen 1914 in den Krieg?<br \/>\nWas ist neu an diesem Krieg?<\/p>\n<h2><strong>Historiker reden \u00fcber den Ersten Weltkrieg<\/strong><\/h2>\n<p><a href=\"https:\/\/www.youtube.com\/watch?v=figM1v-J5Do\">History@Debate: Schlafwandler oder Brandstifter<\/a>\u00a0 \u00a0(Koerber Stiftung, 2014)<\/p>\n<p><a href=\"https:\/\/www.youtube.com\/watch?v=gtx611X7N3g\">Standpunkte: Christopher Clark &#8220;Schlafwandler&#8221;<\/a><\/p>\n<p id=\"watch-headline-title\" class=\"yt\"><a href=\"https:\/\/www.youtube.com\/watch?v=l2sIcv6bNtw\"><span id=\"eow-title\" class=\"watch-title long-title\" dir=\"ltr\" title=\"Christopher Clark im Dialog mit Michael Krons am 29.03.2014\">Christopher Clark im Dialog mit Michael Krons am 29.03.2014<\/span><\/a><\/p>\n<p id=\"watch-headline-title\" class=\"yt\"><span id=\"eow-title\" class=\"watch-title long-title\" dir=\"ltr\" title=\"Der Gro\u00dfe Krieg. Die Welt 1914 bis 1918 | Herfried M\u00fcnkler | SWR Tele-Akademie\"><a href=\"https:\/\/www.youtube.com\/watch?v=pHwuhC2ggww\">Der Gro\u00dfe Krieg. Die Welt 1914 bis 1918 | Herfried M\u00fcnkler<\/a>\u00a0(ARD, Aug 2014)<\/span><\/p>\n<h2 class=\"yt\"><strong>Podcasts<br \/>\n<\/strong><\/h2>\n<p class=\"yt\"><strong>Wie kam es zum Ersten Weltkrieg?<\/strong> (<div id=\"mp3jWrap_0\" class=\"mjp-s-wrapper s-graphic unsel-mjp outline verdana-mjp\" style=\"font-size:14px;\"><span id=\"playpause_wrap_mp3j_0\" class=\"wrap_inline_mp3j\" style=\"font-weight:700;\"><span class=\"gfxbutton_mp3j play-mjp\" id=\"playpause_mp3j_0\" style=\"font-size:14px;\">&nbsp;&nbsp;&nbsp;&nbsp;&nbsp;<\/span>&nbsp;<span class=\"group_wrap\"><span class=\"bars_mp3j\"><span class=\"loadB_mp3j\" id=\"load_mp3j_0\"><\/span><span class=\"posbarB_mp3j\" id=\"posbar_mp3j_0\"><\/span><\/span><span class=\"T_mp3j\" id=\"T_mp3j_0\" style=\"font-size:14px;\">Audio Link<\/span><span class=\"indi_mp3j\" style=\"font-size:9.8px;\" id=\"statusMI_0\"><\/span><\/span><span class=\"vol_mp3j flipped\" id=\"vol_mp3j_0\"><\/span><\/span><\/div><span class=\"s-nosolution\" id=\"mp3j_nosolution_0\" style=\"display:none;\"><\/span><script>\nMP3jPLAYLISTS.inline_0 = [\n\t{ name: \"Audio Link\", formats: [\"mp3\"], mp3: \"aHR0cDovL21wMy1kb3dubG9hZC5zd3IuZGUvc3dyMi9mb3J1bS8yMDEzLzEyL3N3cjItZm9ydW0tMjAxMzEyMDItd2llLWthbS1lcy16dW0tZXJzdGVuLXdlbHRrcmllZy4xMjg0NHMubXAz\", counterpart:\"\", artist: \"\", image: \"\", imgurl: \"\" }\n];\n<\/script>\n\n<script>MP3jPLAYERS[0] = { list: MP3jPLAYLISTS.inline_0, tr:0, type:'single', lstate:'', loop:false, play_txt:'&nbsp;&nbsp;&nbsp;&nbsp;&nbsp;', pause_txt:'&nbsp;&nbsp;&nbsp;&nbsp;&nbsp;', pp_title:'', autoplay:false, download:false, vol:100, height:'' };<\/script>)<br \/>\nDeutschlands Schuld, Europas Versagen. Gespr\u00e4chsleitung: Gregor Papsch. | Es diskutieren: Prof. Dr. Christopher Clark ? Historiker, University of Cambridge, Prof. Dr. Gerd Krumeich ? Historiker, Universit\u00e4t D\u00fcsseldorf, Priv.-Doz. Dr. Ernst Piper ? Historiker, Universit\u00e4t Potsdam<\/p>\n<p class=\"dachzeile\">SWR2 Wissen:\u00a0Kriegskr\u00fcppel (<div id=\"mp3jWrap_1\" class=\"mjp-s-wrapper s-graphic unsel-mjp outline verdana-mjp\" style=\"font-size:14px;\"><span id=\"playpause_wrap_mp3j_1\" class=\"wrap_inline_mp3j\" style=\"font-weight:700;\"><span class=\"gfxbutton_mp3j play-mjp\" id=\"playpause_mp3j_1\" style=\"font-size:14px;\">&nbsp;&nbsp;&nbsp;&nbsp;&nbsp;<\/span>&nbsp;<span class=\"group_wrap\"><span class=\"bars_mp3j\"><span class=\"loadB_mp3j\" id=\"load_mp3j_1\"><\/span><span class=\"posbarB_mp3j\" id=\"posbar_mp3j_1\"><\/span><\/span><span class=\"T_mp3j\" id=\"T_mp3j_1\" style=\"font-size:14px;\">Audio Link<\/span><span class=\"indi_mp3j\" style=\"font-size:9.8px;\" id=\"statusMI_1\"><\/span><\/span><span class=\"vol_mp3j flipped\" id=\"vol_mp3j_1\"><\/span><\/span><\/div><span class=\"s-nosolution\" id=\"mp3j_nosolution_1\" style=\"display:none;\"><\/span><script>\nMP3jPLAYLISTS.inline_1 = [\n\t{ name: \"Audio Link\", formats: [\"mp3\"], mp3: \"aHR0cDovL21wMy1kb3dubG9hZC5zd3IuZGUvc3dyMi9hdWxhL3N3cjJhdWxhLTIwMTQwODE3LWtyaWVnc2tydWVwcGVsLjEyODQ0cy5tcDM=\", counterpart:\"\", artist: \"\", image: \"\", imgurl: \"\" }\n];\n<\/script>\n\n<script>MP3jPLAYERS[1] = { list: MP3jPLAYLISTS.inline_1, tr:0, type:'single', lstate:'', loop:false, play_txt:'&nbsp;&nbsp;&nbsp;&nbsp;&nbsp;', pause_txt:'&nbsp;&nbsp;&nbsp;&nbsp;&nbsp;', pp_title:'', autoplay:false, download:false, vol:100, height:'' };<\/script>)<\/p>\n<p class=\"dachzeile\">SWR2 Journal am Morgen:\u00a0100 Jahre Erster Weltkrieg (<div id=\"mp3jWrap_2\" class=\"mjp-s-wrapper s-graphic unsel-mjp outline verdana-mjp\" style=\"font-size:14px;\"><span id=\"playpause_wrap_mp3j_2\" class=\"wrap_inline_mp3j\" style=\"font-weight:700;\"><span class=\"gfxbutton_mp3j play-mjp\" id=\"playpause_mp3j_2\" style=\"font-size:14px;\">&nbsp;&nbsp;&nbsp;&nbsp;&nbsp;<\/span>&nbsp;<span class=\"group_wrap\"><span class=\"bars_mp3j\"><span class=\"loadB_mp3j\" id=\"load_mp3j_2\"><\/span><span class=\"posbarB_mp3j\" id=\"posbar_mp3j_2\"><\/span><\/span><span class=\"T_mp3j\" id=\"T_mp3j_2\" style=\"font-size:14px;\">Audio Link<\/span><span class=\"indi_mp3j\" style=\"font-size:9.8px;\" id=\"statusMI_2\"><\/span><\/span><span class=\"vol_mp3j flipped\" id=\"vol_mp3j_2\"><\/span><\/span><\/div><span class=\"s-nosolution\" id=\"mp3j_nosolution_2\" style=\"display:none;\"><\/span><script>\nMP3jPLAYLISTS.inline_2 = [\n\t{ name: \"Audio Link\", formats: [\"mp3\"], mp3: \"aHR0cDovL21wMy1kb3dubG9hZC5zd3IuZGUvc3dyMi9rdWx0dXItYWt0dWVsbC9pbnRlcnZpZXdzL3BvbGl0aXNjaGVzLWludGVydmlldy8yMDE0LzA3LzEwMC1qYWhyZS1lcnN0ZXItd2VsdGtyaWVnLTIwMTQwNzMxLXN3cjItam91cm5hbC1hbS1tb3JnZW4uMTI4NDRzLm1wMw==\", counterpart:\"\", artist: \"\", image: \"\", imgurl: \"\" }\n];\n<\/script>\n\n<script>MP3jPLAYERS[2] = { list: MP3jPLAYLISTS.inline_2, tr:0, type:'single', lstate:'', loop:false, play_txt:'&nbsp;&nbsp;&nbsp;&nbsp;&nbsp;', pause_txt:'&nbsp;&nbsp;&nbsp;&nbsp;&nbsp;', pp_title:'', autoplay:false, download:false, vol:100, height:'' };<\/script>)<\/p>\n<p class=\"dachzeile\">andere Podcasts: \u00a0<a href=\"http:\/\/swrmediathek.de\/content\/erster_weltkrieg.htm\">bei SWR Mediathek\u00a0<\/a><\/p>\n<p class=\"dachzeile\">\n","protected":false},"excerpt":{"rendered":"<p>Vorsicht! Immer, wenn Sie Internet-Forschung machen, achten Sie auf die Quelle! \u00a0Hier sind einige gute Seiten: ARD Mediathek Themen wie &#8220;Erinnerung und Aufarbeitung&#8221;, &#8220;Der Weltkrieg im \u00dcberblick&#8221;, &#8220;Europa inKampfstimmung&#8221;, &#8220;Folgen des Krieges&#8221;. Deutsche Geschichte in Dokumenten und Bildern (DGDB) ZEIT f\u00fcr die Schule Das Deutsche Kaiserreich Der Erste Weltkrieg Deutsche Geschichten 1890-1918 Weltkrieg LeMO &#8211; &hellip; <a href=\"https:\/\/courses.bowdoin.edu\/german-3390-spring-2015\/links\/\" class=\"more-link\">Continue reading <span class=\"screen-reader-text\">Links<\/span> <span class=\"meta-nav\">&rarr;<\/span><\/a><\/p>\n","protected":false},"author":208,"featured_media":0,"parent":0,"menu_order":0,"comment_status":"open","ping_status":"open","template":"","meta":{"footnotes":""},"class_list":["post-9","page","type-page","status-publish","hentry"],"_links":{"self":[{"href":"https:\/\/courses.bowdoin.edu\/german-3390-spring-2015\/wp-json\/wp\/v2\/pages\/9","targetHints":{"allow":["GET"]}}],"collection":[{"href":"https:\/\/courses.bowdoin.edu\/german-3390-spring-2015\/wp-json\/wp\/v2\/pages"}],"about":[{"href":"https:\/\/courses.bowdoin.edu\/german-3390-spring-2015\/wp-json\/wp\/v2\/types\/page"}],"author":[{"embeddable":true,"href":"https:\/\/courses.bowdoin.edu\/german-3390-spring-2015\/wp-json\/wp\/v2\/users\/208"}],"replies":[{"embeddable":true,"href":"https:\/\/courses.bowdoin.edu\/german-3390-spring-2015\/wp-json\/wp\/v2\/comments?post=9"}],"version-history":[{"count":0,"href":"https:\/\/courses.bowdoin.edu\/german-3390-spring-2015\/wp-json\/wp\/v2\/pages\/9\/revisions"}],"wp:attachment":[{"href":"https:\/\/courses.bowdoin.edu\/german-3390-spring-2015\/wp-json\/wp\/v2\/media?parent=9"}],"curies":[{"name":"wp","href":"https:\/\/api.w.org\/{rel}","templated":true}]}}