{"id":164,"date":"2021-04-30T11:03:04","date_gmt":"2021-04-30T15:03:04","guid":{"rendered":"https:\/\/courses.bowdoin.edu\/gov-2577-spring-2021-managing-the-effects-of-climate-change\/?page_id=164"},"modified":"2021-05-23T22:35:58","modified_gmt":"2021-05-24T02:35:58","slug":"acknowledgements-and-works-cited","status":"publish","type":"page","link":"https:\/\/courses.bowdoin.edu\/gov-2577-spring-2021-managing-the-effects-of-climate-change\/acknowledgements-and-works-cited\/","title":{"rendered":"Acknowledgements and Works Cited"},"content":{"rendered":"<h4>Ocean Acidification in the Arctic: Lauren Caffe<\/h4>\n<ul>\n<li><span style=\"font-weight: 400\">AMAP. 2013. \u201cArctic Ocean Acidification Assessment: Summary for Policymakers.\u201d Arctic Monitoring Assessment Program, Oslo, Norway. <\/span><a href=\"https:\/\/www.amap.no\/documents\/download\/1126\/inline\"><span style=\"font-weight: 400\">https:\/\/www.amap.no\/documents\/download\/1126\/inline<\/span><\/a><span style=\"font-weight: 400\">.<\/span><\/li>\n<li><span style=\"font-weight: 400\">Bill\u00e9, R., Kelly, R., Biastoch, A. <\/span><i><span style=\"font-weight: 400\">et al.<\/span><\/i><span style=\"font-weight: 400\"> 2013. \u201cTaking Action Against Ocean Acidification: A Review of Management and Policy Options.\u201d <\/span><i><span style=\"font-weight: 400\">Environmental Management<\/span><\/i><span style=\"font-weight: 400\"> 52, (July): 761\u2013779. https:\/\/doi.org\/10.1007\/s00267-013-0132-7.\u00a0<\/span><\/li>\n<li><span style=\"font-weight: 400\">Chugach Regional Resource Commission. n.d. \u201cAbout Us.\u201d Accessed April 19, 2021. <\/span><a href=\"http:\/\/www.crrcalaska.org\/website\/about-us\"><span style=\"font-weight: 400\">http:\/\/www.crrcalaska.org\/website\/about-us<\/span><\/a><span style=\"font-weight: 400\">. <\/span><\/li>\n<li><span style=\"font-weight: 400\">Evans W, Mathis JT, Ramsay J, Hetrick J. 2015. \u201cOn the Frontline: Tracking Ocean Acidification in an Alaskan Shellfish Hatchery.\u201d <\/span><i><span style=\"font-weight: 400\">PLoS ONE<\/span><\/i><span style=\"font-weight: 400\"> 10, no. 7 (July) 1-14. <\/span><a href=\"https:\/\/doi.org\/10.1371\/journal.pone.0130384\"><span style=\"font-weight: 400\">https:\/\/doi.org\/10.1371\/journal.pone.0130384<\/span><\/a><span style=\"font-weight: 400\">. <\/span><\/li>\n<li><span style=\"font-weight: 400\">Gentile, Lauren E. 2017 \u201cBuilding Resilience in the Face of Ocean Acidification.\u201d\u00a0 U.S. Climate Resilience Toolkit. Last modified November 15, 2017. <\/span><a href=\"https:\/\/toolkit.climate.gov\/case-studies\/building-resilience-face-ocean-acidification\"><span style=\"font-weight: 400\">https:\/\/toolkit.climate.gov\/case-studies\/building-resilience-face-ocean-acidification<\/span><\/a><span style=\"font-weight: 400\">. <\/span><\/li>\n<li><span style=\"font-weight: 400\">Intergovernmental Panel on Climate Change. 2011. \u201cIPCC Workshop on Impacts of Ocean Acidification on Marine Biology and Ecosystems.\u201d Workshop Report. Last modified January, 2011. <\/span><a href=\"https:\/\/www.ipcc.ch\/site\/assets\/uploads\/2018\/05\/IPCC_IAOMBE_WorkshopReport_Japan.pdf\"><span style=\"font-weight: 400\">https:\/\/www.ipcc.ch\/site\/assets\/uploads\/2018\/05\/IPCC_IAOMBE_WorkshopReport_Japan.pdf.\u00a0<\/span><\/a><\/li>\n<li><span style=\"font-weight: 400\">Evans W, Mathis JT, Ramsay J, Hetrick J. 2015. \u201cOn the Frontline: Tracking Ocean Acidification in an Alaskan Shellfish Hatchery.\u201d <\/span><i><span style=\"font-weight: 400\">PLoS ONE<\/span><\/i><span style=\"font-weight: 400\"> 10, no. 7 (July) 1-14. <\/span><a href=\"https:\/\/doi.org\/10.1371\/journal.pone.0130384\"><span style=\"font-weight: 400\">https:\/\/doi.org\/10.1371\/journal.pone.0130384<\/span><\/a><span style=\"font-weight: 400\">.<\/span><\/li>\n<\/ul>\n<p><strong>Arctic Foxes in a Changing Environment: Kiera Dent<\/strong><\/p>\n<ul>\n<li>Angerbj\u00f6rn, Anders, Magnus Tannerfeldt, Anders Bj\u00e4rvall, Mats Ericson, Jan From, and Erik Nor\u00e9n. &#8220;Dynamics of the Arctic Fox Population in Sweden.&#8221; Annales Zoologici Fennici 32, no. 1 (1995): 55-68. Accessed April 22, 2021. <a href=\"http:\/\/www.jstor.org\/stable\/23735564\">http:\/\/www.jstor.org\/stable\/23735564<\/a>.<\/li>\n<li>\u201cThe Arctic Fox Initiative.\u201d Fjallraven Online Store. Accessed April 19, 2021. <a href=\"https:\/\/www.fjallraven.com\/us\/en-us\/about\/the-arctic-fox-initiative\">https:\/\/www.fjallraven.com\/us\/en-us\/about\/the-arctic-fox-initiative<\/a>.<\/li>\n<li>Dalerum, Fredrik, and Anders Angerbj\u00f6rn. &#8220;Arctic Fox (Alopex Lagopus) Diet in Karupelv Valley, East Greenland, during a Summer with Low Lemming Density.&#8221; Arctic 53, no. 1 (2000): 1-8. Accessed April 23, 2021. <a href=\"http:\/\/www.jstor.org\/stable\/40511876\">http:\/\/www.jstor.org\/stable\/40511876<\/a>.<\/li>\n<li>Frafjord, Karl. &#8220;Food Habits of Arctic Foxes (Alopex Lagopus) on the Western Coast of Svalbard.&#8221; Arctic 46, no. 1 (1993): 49-54. Accessed April 18, 2021. <a href=\"http:\/\/www.jstor.org\/stable\/40511362\">http:\/\/www.jstor.org\/stable\/40511362<\/a>.<\/li>\n<li>Frafjord, Karl, Dennis Becker, and Anders Angerbj\u00f6rn. &#8220;Interactions between Arctic and Red Foxes in Scandinavia \u2014 Predation and Aggression.&#8221; Arctic 42, no. 4 (1989): 354-56. Accessed April 19, 2021. <a href=\"http:\/\/www.jstor.org\/stable\/40510856\">http:\/\/www.jstor.org\/stable\/40510856<\/a>.<\/li>\n<li>Fugeli, Eva, and Rolf Anker. &#8220;Global Warning and Effects on the Arctic Fox.&#8221; Science Progress (1933- ) 91, no. 2 (2008): 175-91. Accessed April 18, 2021. <a href=\"http:\/\/www.jstor.org\/stable\/43425779\">http:\/\/www.jstor.org\/stable\/43425779<\/a>.<\/li>\n<li>Henden, John-Andr\u00e9, B\u00e5rd-J\u00f8rgen B\u00e5rdsen, Nigel G. Yoccoz, and Rolf A. Ims. &#8220;Impacts of Differential Prey Dynamics on the Potential Recovery of Endangered Arctic Fox Populations.&#8221; Journal of Applied Ecology 45, no. 4 (2008): 1086-093. Accessed April 17, 2021. <a href=\"http:\/\/www.jstor.org\/stable\/20144070\">http:\/\/www.jstor.org\/stable\/20144070<\/a><\/li>\n<li>Landa, Arild, \u00d8ystein Flagstad, Veronika Areskoug, John D. C. Linnell, Olav Strand, Kristine Roaldsnes Ulvund, Anne-Mathilde Thierry, Lars R\u00f8d-Eriksen, and Nina E. Eide. \u201cThe endangered Arctic fox in Norway\u2014the failure and success of captive breeding and reintroduction.\u201d Polar Research 36:sup 1 (2017). Accessed April 22, 2021. <a href=\"https:\/\/www.tandfonline.com\/doi\/full\/10.1080\/17518369.2017.1325139?scroll=top&amp;needAccess=true\">https:\/\/www.tandfonline.com\/doi\/full\/10.1080\/17518369.2017.1325139?scroll=top&amp;needAccess=true<\/a>.<\/li>\n<li>Strand, Olav, John D. C. Linnell, Steinar Krogstad, and Arild Landa. &#8220;Dietary and Reproductive Responses of Arctic Foxes to Changes in Small Rodent Abundance.&#8221; Arctic 52, no. 3 (1999): 272-78. Accessed April 18, 2021. <a href=\"http:\/\/www.jstor.org\/stable\/40511779\">http:\/\/www.jstor.org\/stable\/40511779<\/a>.<\/li>\n<li>Strand, Olav, Arild Landa, John D. C. Linnell, Barbara Zimmermann, and Terje Skogland. &#8220;Social Organization and Parental Behavior in the Arctic Fox.&#8221; Journal of Mammalogy 81, no. 1 (2000): 223-33. Accessed April 22, 2021. <a href=\"http:\/\/www.jstor.org\/stable\/1383142\">http:\/\/www.jstor.org\/stable\/1383142<\/a>.<\/li>\n<\/ul>\n<h4>Icelandic Glaciers and Hydropower: Ailish O&#8217;Brien<\/h4>\n<ul>\n<li>ASKJA Energy. 2015. \u201cEnergy Data Iceland.\u201d Accessed April 28<sup>th<\/sup> 2021. <a href=\"https:\/\/askjaenergy.com\/iceland-introduction\/energy-data\/\">https:\/\/askjaenergy.com\/iceland-introduction\/energy-data\/<\/a>.<\/li>\n<li>Bj\u00f6rnsson, Helgi and Finnur P\u00e1lsson. 2008. \u201cIcelandic Glaciers.\u201d <em>Jokull 58 <\/em>(January): 365-386. <a href=\"http:\/\/jardvis.hi.is\/sites\/jardvis.hi.is\/files\/Pdf_skjol\/Jokull58_pdf\/jokull58-bjornssonpalsson.pdf\">http:\/\/jardvis.hi.is\/sites\/jardvis.hi.is\/files\/Pdf_skjol\/Jokull58_pdf\/jokull58-bjornssonpalsson.pdf<\/a>.<\/li>\n<li>Bradwell, Tom, Oddur Sigur\u00f0sson, and Jez Everest. 2013.\u201cRecent, very rapid retreat of a temperate glacier in SE Iceland.\u201d <em>Boreas<\/em> 42 (October): 959\u2013973. <a href=\"https:\/\/onlinelibrary.wiley.com\/doi\/epdf\/10.1111\/bor.12014\">https:\/\/onlinelibrary.wiley.com\/doi\/epdf\/10.1111\/bor.12014<\/a>.<\/li>\n<li>EU Commission. 2018. \u201cHydropower expansion and improved management in response to increased glacier melt in Iceland.\u201d Climate ADAPT. Accessed April 27<sup>th<\/sup>, 2021. <a href=\"https:\/\/climate-adapt.eea.europa.eu\/metadata\/case-studies\/hydropower-expansion-and-improved-management-in-response-to-increased-glacier-melt-in-iceland\">https:\/\/climate-adapt.eea.europa.eu\/metadata\/case-studies\/hydropower-expansion-and-improved-management-in-response-to-increased-glacier-melt-in-iceland<\/a>.<\/li>\n<li>Government of Iceland. \u201cHydro Power Plants.\u201d <a href=\"https:\/\/www.government.is\/topics\/business-and-industry\/energy\/hydro-power-plants\/\">https:\/\/www.government.is\/topics\/business-and-industry\/energy\/hydro-power-plants\/<\/a>.<\/li>\n<li>Hartmann, Joerg. 2017. \u201cHydropower Sustainability Assessment Protocol: Karahnjukar Hydropower Project,\u201d Landsvirkjun Assessment Report (December). <a href=\"https:\/\/static1.squarespace.com\/static\/5c1978d3ee1759dc44fbd8ba\/t\/5d722677d8766100019cf37f\/1567762050941\/Karahnjukar+Assessment+Report.pdf\">https:\/\/static1.squarespace.com\/static\/5c1978d3ee1759dc44fbd8ba\/t\/5d722677d8766100019cf37f\/1567762050941\/Karahnjukar+Assessment+Report.pdf<\/a>.<\/li>\n<li>Iceland School of Energy. &#8220;Making the Planet Greener: Sustainable Development.&#8221; Accessed May 20, 2021. <a href=\"https:\/\/en.ru.is\/ise\/.\">https:\/\/en.ru.is\/ise\/.\u00a0<\/a><\/li>\n<li>IPCC. 2019. \u201cSummary for Policymakers. In: IPCC Special Report on the Ocean and Cryosphere in a Changing Climate.\u201d H.O. P\u00f6rtner, D.C. Roberts, V. Masson-Delmotte, P. Zhai, M. Tignor, E. Poloczanska, K. Mintenbeck, M. Nicolai, A. Okem, J. Petzold, B. Rama, N. Weyer (eds.). In press. <a href=\"https:\/\/report.ipcc.ch\/srocc\/pdf\/SROCC_FinalDraft_FullReport.pdf\">https:\/\/report.ipcc.ch\/srocc\/pdf\/SROCC_FinalDraft_FullReport.pdf<\/a>.<\/li>\n<li>NSIDC: National Snow and Ice Data Center. 2020. \u201cAll about Glaciers.\u201d <a href=\"https:\/\/nsidc.org\/cryosphere\/glaciers\/questions\/what.html\">https:\/\/nsidc.org\/cryosphere\/glaciers\/questions\/what.html<\/a>.<\/li>\n<li>Steingrimsson, Benedikt, Sveibjorn Bjornsson, Hakon Adalsteinsson. 2008. \u201cMaster Plan for Geothermal and Hydropower Development in Iceland.\u201d Iceland GeoSurvey (November). <a href=\"https:\/\/www.geothermal-energy.org\/pdf\/IGAstandard\/ARGeo\/2008\/Benedikt_Masterplan_Iceland.pdf\">https:\/\/www.geothermal-energy.org\/pdf\/IGAstandard\/ARGeo\/2008\/Benedikt_Masterplan_Iceland.pdf<\/a>.<\/li>\n<li>Youtube. &#8220;Karahnjukar Hydroelectric Project, Iceland.&#8221; WeBuild. Accessed May 20, 2021. <a href=\"https:\/\/www.webuildgroup.com\/en\/media\/video\/karahnjukar-hydroelectric-project-iceland.\">https:\/\/www.webuildgroup.com\/en\/media\/video\/karahnjukar-hydroelectric-project-iceland.<\/a><\/li>\n<\/ul>\n<h4><strong>Coastal Erosion in Alaska &#8211; Lo Hoglin<\/strong><\/h4>\n<ul>\n<li><a href=\"https:\/\/www.zotero.org\/google-docs\/?D8nsBZ\"><span style=\"font-weight: 400\">\u201cDenali Commission \u2013 Building Alaska.\u201d n.d. Accessed April 28, 2021. https:\/\/www.denali.gov\/.<\/span><\/a><\/li>\n<li><a href=\"https:\/\/www.zotero.org\/google-docs\/?D8nsBZ\"><span style=\"font-weight: 400\">Hannesson, Hj\u00e1lmar. 2004. \u201cOceans and the Law of the Sea.\u201d 2004. https:\/\/www.government.is\/news\/article\/2004\/11\/16\/Oceans-and-the-Law-of-the-Sea\/.<\/span><\/a><\/li>\n<li><a href=\"https:\/\/www.zotero.org\/google-docs\/?D8nsBZ\"><span style=\"font-weight: 400\">Jones, Benjamin M., Kenneth M. Hinkel, Christopher D. Arp, and Wendy R. Eisner. 2008. \u201cModern Erosion Rates and Loss of Coastal Features and Sites, Beaufort Sea Coastline, Alaska.\u201d <\/span><i><span style=\"font-weight: 400\">Arctic<\/span><\/i><span style=\"font-weight: 400\"> 61 (4): 361\u201372.<\/span><\/a><\/li>\n<li><a href=\"https:\/\/www.zotero.org\/google-docs\/?D8nsBZ\"><span style=\"font-weight: 400\">Kitka, Julie. 2018. \u201cErosion and Alaska Native Communities,\u201d 20.<\/span><\/a><\/li>\n<li><a href=\"https:\/\/www.zotero.org\/google-docs\/?D8nsBZ\"><span style=\"font-weight: 400\">Schellnhuber, Hans-Joachim, Wolfang Cramer, and International Symposium on Stabilisation of Greenhouse Gas Concentrations, Avoiding Dangerous Climate Change, eds. 2007. <\/span><i><span style=\"font-weight: 400\">Avoiding Dangerous Climate Change: <\/span><\/i> <i><span style=\"font-weight: 400\">m mInternational Symposium on Stabilisation of Greenhouse Gas Concentrations, Avoiding Dangerous Climate Change, (ADCC), Exeter, United Kingdom, on 1 &#8211; 3 February 2005<\/span><\/i><span style=\"font-weight: 400\">. Reprint. Cambridge: Cambridge Univ. Press.<\/span><\/a><\/li>\n<li><a href=\"https:\/\/www.zotero.org\/google-docs\/?D8nsBZ\"><span style=\"font-weight: 400\">State of Alaska. n.d. \u201cNewtok Planning Group, Planning &amp; Land Management, Division of Community and Regional Affairs.\u201d Accessed April 28, 2021. https:\/\/www.commerce.alaska.gov\/web\/dcra\/planninglandmanagement\/newtokplanninggroup.aspx.<\/span><\/a><\/li>\n<li><a href=\"https:\/\/www.zotero.org\/google-docs\/?D8nsBZ\"><span style=\"font-weight: 400\">U.S. Climate Resilience Toolkit. n.d. \u201cCoastal Erosion | U.S. Climate Resilience Toolkit.\u201d Accessed April 28, 2021. https:\/\/toolkit.climate.gov\/topics\/coastal-flood-risk\/coastal-erosion.<\/span><\/a><\/li>\n<\/ul>\n<h4>How to get involved citations? &#8211;&gt; not sure how we want to do this.<\/h4>\n<ul>\n<li>GCI Arctic. &#8220;#ThinkArctic Podcast.&#8221; RH Strategic. Accessed May 20, 2021. <a href=\"http:\/\/www.arctic.gci.com\/thinkarctic-podcast.\">http:\/\/www.arctic.gci.com\/thinkarctic-podcast.\u00a0<\/a><\/li>\n<li>The Arctic Institue. &#8220;TAI Bookshelf Podcast.&#8221; Accessed May 20, 2021. <a href=\"https:\/\/www.thearcticinstitute.org\/publications\/tai-bookshelf-podcast\/.\">https:\/\/www.thearcticinstitute.org\/publications\/tai-bookshelf-podcast\/.<\/a><\/li>\n<\/ul>\n<h4>Images:<\/h4>\n<ul>\n<li>Arctic Council: <a href=\"https:\/\/www.uarctic.org\/news\/2017\/5\/arctic-council-fairbanks-declaration-recognizes-science-and-education-cooperation\/\">https:\/\/www.uarctic.org\/news\/2017\/5\/arctic-council-fairbanks-declaration-recognizes-science-and-education-cooperation\/<\/a><\/li>\n<li>Arctic Fox: <a href=\"https:\/\/www.britannica.com\/animal\/Arctic-fox\">https:\/\/www.britannica.com\/animal\/Arctic-fox<\/a><\/li>\n<li>Arctic Map:<a href=\"https:\/\/images.app.goo.gl\/fBvrfgXiQQLCEBHe6\"> https:\/\/images.app.goo.gl\/fBvrfgXiQQLCEBHe6<\/a><\/li>\n<li>APSH Image: <a href=\"http:\/\/www.crrcalaska.org\/website\/projects-services\/alutiiq-pride-shellfish-hatchery\">http:\/\/www.crrcalaska.org\/website\/projects-services\/alutiiq-pride-shellfish-hatchery<\/a><\/li>\n<li>APSH Location: <a href=\"https:\/\/legacy.aoos.org\/alaska-ocean-acidification-network\/monitoring\/shore-based-stations\/\">https:\/\/legacy.aoos.org\/alaska-ocean-acidification-network\/monitoring\/shore-based-stations\/\u00a0<\/a><\/li>\n<li>Chemistry of Ocean Acidification: <a href=\"https:\/\/www.britannica.com\/science\/ocean-acidification\">https:\/\/www.britannica.com\/science\/ocean-acidification<\/a><\/li>\n<li>Denali Commission: <a href=\"https:\/\/www.denali.gov\/programs\/village-infrastructure-protection\/\">https:\/\/www.denali.gov\/programs\/village-infrastructure-protection\/<\/a><\/li>\n<li>Eroded building: <a href=\"https:\/\/www.google.com\/url?sa=i&amp;url=https%3A%2F%2Fwww.theguardian.com%2Fus-news%2F2016%2Faug%2F18%2Falaska-shishmaref-vote-move-coastal-erosion-rising-sea-levels&amp;psig=AOvVaw1Am1KeHWiujRMoUBGuepib&amp;ust=1621865348956000&amp;source=images&amp;cd=vfe&amp;ved=0CA0QjhxqFwoTCOiK5bL93_ACFQAAAAAdAAAAABAD\">Alaskan village threatened by rising sea levels votes for costly relocation | Alaska | The Guardian<\/a><\/li>\n<li>Fennoscandia: <a href=\"https:\/\/simple.wikipedia.org\/wiki\/Fennoscandia\">https:\/\/simple.wikipedia.org\/wiki\/Fennoscandia<\/a><\/li>\n<li>Glacier: <a href=\"https:\/\/unsplash.com\/s\/photos\/glacier\">https:\/\/unsplash.com\/s\/photos\/glacier<\/a><\/li>\n<li>Hydrological cycle: <a href=\"https:\/\/earthhow.com\/hydrologic-cycle\/\">https:\/\/earthhow.com\/hydrologic-cycle\/<\/a><\/li>\n<li>Hydropower explained: <a href=\"https:\/\/www.eia.gov\/energyexplained\/hydropower\/.\">https:\/\/www.eia.gov\/energyexplained\/hydropower\/.<\/a><\/li>\n<li>Iceland map: <a href=\"https:\/\/geology.com\/world\/iceland-satellite-image.shtml\">https:\/\/geology.com\/world\/iceland-satellite-image.shtml<\/a><\/li>\n<li>Jumping Polar Bear: <a href=\"https:\/\/www.greenpeace.org\/international\/story\/7005\/can-a-new-ocean-treaty-protect-the-arctic\/\">https:\/\/www.greenpeace.org\/international\/story\/7005\/can-a-new-ocean-treaty-protect-the-arctic\/<\/a><\/li>\n<li>Karahnjukar Power Plant: <a href=\"https:\/\/visitegilsstadir.is\/en\/things-to-see\/karahnjukavirkjun-dam\/.\">https:\/\/visitegilsstadir.is\/en\/things-to-see\/karahnjukavirkjun-dam\/.<\/a><\/li>\n<li>Newton erosion: <a href=\"https:\/\/www.commerce.alaska.gov\/web\/dcra\/PlanningLandManagement\/NewtokPlanningGroup\/NewtokVillageRelocationHistory\/NewtokHistoryPartThree.aspx\">https:\/\/www.commerce.alaska.gov\/web\/dcra\/PlanningLandManagement\/NewtokPlanningGroup\/NewtokVillageRelocationHistory\/NewtokHistoryPartThree.aspx<\/a><\/li>\n<li>Sea ice graph: <a href=\"https:\/\/arctic.noaa.gov\/Report-Card\/Report-Card-2016\/ArtMID\/5022\/ArticleID\/286\/Sea-Ice\">https:\/\/arctic.noaa.gov\/Report-Card\/Report-Card-2016\/ArtMID\/5022\/ArticleID\/286\/Sea-Ice<\/a><\/li>\n<li>Shell Corrosion: <a href=\"https:\/\/www.ucsusa.org\/resources\/co2-and-ocean-acidification\">https:\/\/www.ucsusa.org\/resources\/co2-and-ocean-acidification<\/a><\/li>\n<li>Sidebar Image: <a href=\"https:\/\/news.un.org\/en\/story\/2017\/12\/640002-arctic-forever-changed-rapidly-warming-climate-un-weather-agency\">https:\/\/news.un.org\/en\/story\/2017\/12\/640002-arctic-forever-changed-rapidly-warming-climate-un-weather-agency<\/a><\/li>\n<li>RAIPON: <a href=\"https:\/\/www.uarctic.org\/member-profiles\/russia\/8638\/raipon\">https:\/\/www.uarctic.org\/member-profiles\/russia\/8638\/raipon<\/a><\/li>\n<li>(Female) Arctic Researcher:<a href=\"https:\/\/www.arctictoday.com\/the-us-participation-at-a-major-arctic-science-summit-suggests-a-return-to-science-climate-leadership\/\"> https:\/\/www.arctictoday.com\/the-us-participation-at-a-major-arctic-science-summit-suggests-a-return-to-science-climate-leadership\/\u00a0<\/a><\/li>\n<li>(Male) Arctic Researcher: <a href=\"https:\/\/www.worldwildlife.org\/places\/arctic\">https:\/\/www.worldwildlife.org\/places\/arctic<\/a> and <a href=\"https:\/\/www.climate.gov\/news-features\/features\/research-shows-ocean-acidification-spreading-rapidly-arctic\">\u00a0https:\/\/www.climate.gov\/news-features\/features\/research-shows-ocean-acidification-spreading-rapidly-arctic<\/a><\/li>\n<li>World Wildlife Fund (WWF): <a href=\"https:\/\/www.worldwildlife.org\/\">https:\/\/www.worldwildlife.org\/<\/a><\/li>\n<\/ul>\n<p>&nbsp;<\/p>\n<p>&nbsp;<\/p>\n","protected":false},"excerpt":{"rendered":"<p>Ocean Acidification in the Arctic: Lauren Caffe AMAP. 2013. \u201cArctic Ocean Acidification Assessment: Summary for Policymakers.\u201d Arctic Monitoring Assessment Program, Oslo, Norway. https:\/\/www.amap.no\/documents\/download\/1126\/inline. Bill\u00e9, R., Kelly, R., Biastoch, A. et al. 2013. \u201cTaking Action Against Ocean Acidification: A Review of Management and Policy Options.\u201d Environmental Management 52, (July): 761\u2013779. https:\/\/doi.org\/10.1007\/s00267-013-0132-7.\u00a0 Chugach Regional Resource Commission. n.d. &hellip; <a href=\"https:\/\/courses.bowdoin.edu\/gov-2577-spring-2021-managing-the-effects-of-climate-change\/acknowledgements-and-works-cited\/\" class=\"more-link\">Continue reading <span class=\"screen-reader-text\">Acknowledgements and Works Cited<\/span><\/a><\/p>\n","protected":false},"author":2,"featured_media":0,"parent":0,"menu_order":0,"comment_status":"closed","ping_status":"closed","template":"","meta":{"footnotes":""},"class_list":["post-164","page","type-page","status-publish","hentry"],"_links":{"self":[{"href":"https:\/\/courses.bowdoin.edu\/gov-2577-spring-2021-managing-the-effects-of-climate-change\/wp-json\/wp\/v2\/pages\/164","targetHints":{"allow":["GET"]}}],"collection":[{"href":"https:\/\/courses.bowdoin.edu\/gov-2577-spring-2021-managing-the-effects-of-climate-change\/wp-json\/wp\/v2\/pages"}],"about":[{"href":"https:\/\/courses.bowdoin.edu\/gov-2577-spring-2021-managing-the-effects-of-climate-change\/wp-json\/wp\/v2\/types\/page"}],"author":[{"embeddable":true,"href":"https:\/\/courses.bowdoin.edu\/gov-2577-spring-2021-managing-the-effects-of-climate-change\/wp-json\/wp\/v2\/users\/2"}],"replies":[{"embeddable":true,"href":"https:\/\/courses.bowdoin.edu\/gov-2577-spring-2021-managing-the-effects-of-climate-change\/wp-json\/wp\/v2\/comments?post=164"}],"version-history":[{"count":0,"href":"https:\/\/courses.bowdoin.edu\/gov-2577-spring-2021-managing-the-effects-of-climate-change\/wp-json\/wp\/v2\/pages\/164\/revisions"}],"wp:attachment":[{"href":"https:\/\/courses.bowdoin.edu\/gov-2577-spring-2021-managing-the-effects-of-climate-change\/wp-json\/wp\/v2\/media?parent=164"}],"curies":[{"name":"wp","href":"https:\/\/api.w.org\/{rel}","templated":true}]}}