{"id":882,"date":"2019-04-23T21:15:12","date_gmt":"2019-04-23T21:15:12","guid":{"rendered":"https:\/\/courses.bowdoin.edu\/ladepanneuse\/?page_id=882"},"modified":"2019-04-23T21:15:12","modified_gmt":"2019-04-23T21:15:12","slug":"verbes-a-preposition","status":"publish","type":"page","link":"https:\/\/courses.bowdoin.edu\/ladepanneuse\/verbes-a-preposition\/","title":{"rendered":"Verbes \u00e0 pr\u00e9position"},"content":{"rendered":"<p><a href=\"https:\/\/courses.bowdoin.edu\/ladepanneuse\/2018\/07\/24\/verbes-avec-preposition\/\">Verbes avec pr\u00e9position<\/a><\/p>\n<p><a href=\"https:\/\/courses.bowdoin.edu\/ladepanneuse\/2018\/07\/24\/prepositions-verbes-a-plusieurs-prepositions\/\">Verbes \u00e0 plusieurs pr\u00e9positions<\/a><\/p>\n<p><a href=\"https:\/\/courses.bowdoin.edu\/ladepanneuse\/2018\/07\/24\/verbes-avec-differentes-prepositions-et-senses\/\">Verbes avec diff\u00e9rentes pr\u00e9positions et sens<\/a><\/p>\n<p><a href=\"https:\/\/courses.bowdoin.edu\/ladepanneuse\/2018\/07\/24\/verbes-sans-prepositions\/\">Verbes sans pr\u00e9positions<\/a><\/p>\n<p>&nbsp;<\/p>\n","protected":false},"excerpt":{"rendered":"<p>Verbes avec pr\u00e9position Verbes \u00e0 plusieurs pr\u00e9positions Verbes avec diff\u00e9rentes pr\u00e9positions et sens Verbes sans pr\u00e9positions &nbsp;<\/p>\n","protected":false},"author":680,"featured_media":0,"parent":0,"menu_order":0,"comment_status":"closed","ping_status":"closed","template":"","meta":{"footnotes":""},"class_list":["post-882","page","type-page","status-publish","hentry"],"_links":{"self":[{"href":"https:\/\/courses.bowdoin.edu\/ladepanneuse\/wp-json\/wp\/v2\/pages\/882","targetHints":{"allow":["GET"]}}],"collection":[{"href":"https:\/\/courses.bowdoin.edu\/ladepanneuse\/wp-json\/wp\/v2\/pages"}],"about":[{"href":"https:\/\/courses.bowdoin.edu\/ladepanneuse\/wp-json\/wp\/v2\/types\/page"}],"author":[{"embeddable":true,"href":"https:\/\/courses.bowdoin.edu\/ladepanneuse\/wp-json\/wp\/v2\/users\/680"}],"replies":[{"embeddable":true,"href":"https:\/\/courses.bowdoin.edu\/ladepanneuse\/wp-json\/wp\/v2\/comments?post=882"}],"version-history":[{"count":0,"href":"https:\/\/courses.bowdoin.edu\/ladepanneuse\/wp-json\/wp\/v2\/pages\/882\/revisions"}],"wp:attachment":[{"href":"https:\/\/courses.bowdoin.edu\/ladepanneuse\/wp-json\/wp\/v2\/media?parent=882"}],"curies":[{"name":"wp","href":"https:\/\/api.w.org\/{rel}","templated":true}]}}

Verbes à préposition

<p><a href="https://courses.bowdoin.edu/ladepanneuse/2018/07/24/verbes-avec-preposition/">Verbes avec préposition</a></p>
<p><a href="https://courses.bowdoin.edu/ladepanneuse/2018/07/24/prepositions-verbes-a-plusieurs-prepositions/">Verbes à plusieurs prépositions</a></p>
<p><a href="https://courses.bowdoin.edu/ladepanneuse/2018/07/24/verbes-avec-differentes-prepositions-et-senses/">Verbes avec différentes prépositions et sens</a></p>
<p><a href="https://courses.bowdoin.edu/ladepanneuse/2018/07/24/verbes-sans-prepositions/">Verbes sans prépositions</a></p>
<p>&nbsp;</p>

<p>Verbes avec préposition Verbes à plusieurs prépositions Verbes avec différentes prépositions et sens Verbes sans prépositions &nbsp;</p>
